 of t**4/8 + 3*t**3 + 10*t**2 - 60. Give a(-19).
-39
Let n(l) be the first derivative of l**3/3 - 6*l**2 - 10*l + 2034. Calculate n(13).
3
Suppose 4*h = -3*h + 637. Let r = h - 51. Suppose -3*f + r = -5*g, -2*f + 34 - 4 = -4*g. Let j(y) = -y**2 + 3*y + 5. Calculate j(f).
-5
Let l(q) = q**2 + 26*q + 94. Let t be l(-22). Let f(r) = 7*r + r**3 - 2*r - 4*r**2 - 25 - r**2 - 2*r**2 + 32. Determine f(t).
1
Suppose -2*j + 16 = -62. Suppose 0 = -3*n - 29 + 143. Let t = n - j. Let x(k) = -14*k**2 - 1. Determine x(t).
-15
Let z(d) = -d**3 - 3*d**2 - 56*d - 169. Let m be z(-3). Let y(p) = -69*p + 2. Calculate y(m).
71
Let m(u) = -u**2 - u - 3. Suppose -3*o + 4*b - 9 = 0, 4*o + 5 = -7*b + 10*b. Let v(w) = -3*w**2 - 3*w - 16. Let t(s) = o*v(s) - 4*m(s). What is t(3)?
8
Let k(f) = -f**3 - 3*f**2 + 19*f + 10. Suppose -144*u = -u + 858. Give k(u).
4
Let m(t) = -t**3 + 10*t**2 + 29*t + 4. Let x = -20712 + 20724. What is m(x)?
64
Let u(j) = -2*j**3 - 46*j**2 - 16. Suppose -100*m - 437 = 1863. What is u(m)?
-16
Let g(t) = 191*t - 9. Let j(b) = 509*b - 27. Let y(r) = 8*g(r) - 3*j(r). Calculate y(-6).
3
Let g be 3 - (7072/273)/1 - 4/42. Let m(w) = 5*w + 131. Give m(g).
16
Let x(n) = n**2 + n - 3. Let m be x(0). Let q be ((-10)/m)/(10/15). Let i(v) be the second derivative of v**3/3 - 2*v**2 + 846*v. Give i(q).
6
Let b(g) = -g**3 + 37*g**2 - 3*g - 8. Let v(q) = -3*q**3 + 103*q**2 - 9*q - 24. Let n(k) = 11*b(k) - 4*v(k). Determine n(2).
2
Let c(d) be the first derivative of d**3/3 + 7*d**2/2 - 3*d + 2. Let y(v) be the first derivative of v**2/2 - 246. Let w(i) = c(i) - 5*y(i). What is w(2)?
5
Let x = -399 - -404. Let q(n) = -7*n**2 - 21*n - 15. Let p(u) = -4*u**2 + 12*u + 7*u**2 + 7 - 2*u. Let k(m) = x*p(m) + 2*q(m). Calculate k(-5).
-10
Let h(k) be the third derivative of k**5/30 + k**4/12 + k**3/3 + 14*k**2 + 2*k + 11. Let p be -2 + ((-2)/(-2) - 1). Determine h(p).
6
Let x(g) = 31*g + 4. Let z(q) = -39*q - 4564. Let f be z(-117). What is x(f)?
-27
Let x(w) = -4*w**2 - 9*w - 1. Suppose -4*l + 5*b - 16 + 10 = 0, 0 = -2*b - 4. Calculate x(l).
-29
Let j be (-5 - 7)/((-8)/58). Let x(l) = 31*l. Let n be x(3). Let w(k) = 184*k - n*k - 1 - j*k. Give w(-3).
-13
Let y(c) = -c**3 - 5*c**2 - c + 4. Let w(f) = 4*f**2 + 5*f + 11. Let i(r) = -7*r**2 - 11*r - 22. Let u(n) = 3*i(n) + 5*w(n). Let g be u(-7). Give y(g).
-8
Let r(d) be the third derivative of -1/6*d**4 + 0 + 7/6*d**3 + 0*d - 57*d**2 - 1/60*d**5. Determine r(-6).
-5
Suppose -5 - 20 = -5*z. Suppose z = 2*k + 11, -3 = -2*l + 5*k. Let q(a) = a - 7. Determine q(l).
-13
Let g(a) = a**3 + 15*a**2 + 12*a - 19. Suppose 567*w + 140 = 557*w. Give g(w).
9
Let a(s) be the first derivative of s**4/4 - 2*s**3 - 7*s**2/2 + s + 1. Let i = -39916 - -39923. Give a(i).
1
Suppose -4*u = -5*u + 3*f + 216, 3*f = -3*u + 588. Let y = u + -193. Let r(q) = q**3 - 7*q**2 - 9*q - 7. Calculate r(y).
-15
Let i(y) = 3*y**3 - 10*y**2 + 23*y + 3. Let m(d) = 3*d**3 - 12*d**2 + 28*d + 4. Let x(t) = 5*i(t) - 4*m(t). Give x(1).
3
Let v(f) be the second derivative of -f**3 + f - 1/2*f**4 + 0 - 1/20*f**5 - 3/2*f**2. Suppose 3*m = d - 3 - 1, 19 = -5*d + 2*m. Give v(d).
2
Suppose -4*z + 3*g = -30, 2*z + 364*g - 10 = 363*g. Let o(x) be the third derivative of x**6/120 - x**5/10 - x**4/12 - x**3/3 + x**2. Give o(z).
-14
Let j(t) = t + 11. Let g(c) = -c**2 - 5*c - 62. Let v(o) = -6*g(o) - 33*j(o). Give v(4).
93
Let m = 13 + -7. Suppose 14 = m*i - 4. Let g(c) = 4 - 3*c + 2*c - 6*c**2 + 0*c**2 - c**i - c**2. What is g(-7)?
11
Let s(i) be the third derivative of -i**6/60 + 11*i**5/15 - 11*i**4/6 + 20*i**3/3 - i**2 - 1290. Determine s(21).
-2
Let b(r) = -r + 5. Let z be (-2)/(-4)*6 + (2 - 4). Let v be ((-20)/(-2) - z)/((-6)/(-4)). Calculate b(v).
-1
Let g(y) = y**2 + 2*y + 14. Suppose 0 = -2*h - 4*w - 28, 5*h = -4*w - 1945 + 1905. Calculate g(h).
22
Let n(w) = 9*w - 52. Let h(k) = -59*k - 2472. Let p be h(-42). Give n(p).
2
Let g(a) = 21*a**2 - 4 - 3*a**2 - 7*a**2 - 12 - 12*a**2 + 7*a. What is g(9)?
-34
Suppose 60 = n - 6*n + 3*j, -3*j = 3*n + 12. Let d = n + 5. Let r(u) be the second derivative of u**4/12 + u**3/2 - u**2/2 - 621*u - 8. Calculate r(d).
3
Let g(k) be the second derivative of k**4/12 + 5*k**3/6 - 5*k**2/2 + k. Let h = -207 - -211. Suppose -h*y = -5*b - 23, -2*b + 3*y + y = 2. Calculate g(b).
9
Let w(f) = -f + 81. Let p(o) = -4*o + 165. Let x(v) = 2*p(v) - 5*w(v). Give x(-30).
15
Let v(t) = -7*t**3 + 3*t - 1. Let s be v(0). Let i(x) = -5*x**2 + 9*x + 10. Calculate i(s).
-4
Let s(r) be the second derivative of 1/20*r**5 + 78*r - 2 + r**2 - 5/6*r**4 + 0*r**3. Determine s(10).
2
Let x(z) be the first derivative of -z**4/4 - 2*z**3 - 5*z**2/2 - 2*z + 14. Let q = -2566 - -2562. Determine x(q).
-14
Let v be (-1 - 2)/3 + 7. Let r(i) = i**3 - 5*i**2 - 7*i + 3. Let j be r(v). Let f(m) be the second derivative of -m**4/6 - 2*m**3/3 - 75*m - 1. What is f(j)?
-6
Let n = -21986 - -21997. Let g(y) = y**3 - 10*y**2 - 2*y - 17. Calculate g(n).
82
Let i(q) = 20*q**2 - 3*q - 12. Let u = -66 - -57. Let x(b) = 9*b**2 - 2*b - 6. Let n(m) = u*x(m) + 4*i(m). Determine n(6).
6
Let n(m) = 8*m - 79. Suppose 2*r + 4 - 18 = -4*t, 5*r = 3*t + 48. What is n(r)?
-7
Let y(c) = -c**3 - 5*c**2 + 9*c + 10. Let j be y(-7). Suppose 0 = 41*s - j*s + 60. Let t(a) = s*a - 4*a - 9 - 4*a - 6*a. Determine t(8).
-1
Let s(l) = -33*l**2 + l. Suppose 158 + 1802 = 10*n. Let a = n + -195. Determine s(a).
-32
Let z = -50 + 60. Suppose -5*k - z = -3*o, 3*k = o - 2 - 0. Let p(d) = -k + 6 + d + 0 + 2. Give p(0).
7
Let j = 93 - 89. Suppose -4*p + 6*p = 4*v - 44, 2*p = -4*v - j. Let q(h) = -2*h**3 - 25*h**2 - 11*h + 11. Let c be q(p). Let f(y) = -21*y**2. Calculate f(c).
-21
Suppose 65 = 4*y + 8*c - 9*c, 5*c + 37 = 2*y. Let r(z) = 41 - y + 2*z**3 - 2*z - 24. What is r(-2)?
-11
Let q(m) = -m**3 + 5*m**2 + 14*m - 3. Let w(l) = -113*l - 671. Let x be w(-6). Determine q(x).
-3
Let s(r) = -208*r - 1869. Let n be s(-9). Let o(j) = -j**2 + j - 2. What is o(n)?
-8
Let p(d) = -4*d**2 - 23*d - 89*d**2 + 21 + 91*d**2. Give p(-14).
-49
Let v(c) = -29*c + 87*c - 26*c + 50 - 34*c. What is v(25)?
0
Let l(i) be the first derivative of -5*i**3/3 + i**2 - 5*i - 2377. Determine l(3).
-44
Let h(i) be the third derivative of -i**5/30 + 3*i**4/8 - 11*i**3/2 - 20*i**2 + 2*i + 103. Determine h(5).
-38
Let w(i) be the first derivative of -i**3/3 - 13*i**2/2 - 17*i - 308. What is w(-11)?
5
Let m = -35802 - -35791. Let t(g) = -g**2 - 34*g - 254. Give t(m).
-1
Let r be 7/(35/55) - (-20)/(-4). Let l be r + 7 + 48/(-4). Let y(n) = -22*n**3 - n**2 + 1. Calculate y(l).
-22
Let r be (-4)/(-5)*(-255)/34. Let s(v) = 16*v + 94. Let g be s(r). Let q(a) = a**3 + 3*a**2 + 2*a + 2. Calculate q(g).
2
Suppose -2*g - 10*d + 5*d - 29 = 0, -5 = d. Let n(m) = 14*m + 5. Calculate n(g).
-23
Let j(w) = w**2 - 26*w - 4. Suppose 2*y = 2, 2*p - 4*p - 5*y = -57. Determine j(p).
-4
Let l(p) = -p**3 + p**2 + 32*p + 194. Let r be l(8). Let h(g) be the first derivative of -17 - 3/2*g**r + 3*g. Determine h(3).
-6
Let r = -20 + 16. Let w(t) = 479*t - 11. Let p(d) = 558*d - 12. Let i(v) = -6*p(v) + 7*w(v). Give i(r).
-25
Let y(o) be the third derivative of o**4/6 + o**3/3 + o**2. Suppose -5264*c = -5297*c + 30 + 36. Calculate y(c).
10
Let h(b) = -6*b**2 + b + 1. Let z(a) = 5*a**2 - 2. Let g(o) = -3*h(o) - 2*z(o). Let q be g(1). Let f(r) = q*r - 3 - 37*r**2 + 2*r + 36*r**2. Calculate f(5).
12
Let j(d) = 9*d + 6. Let y(k) = -27*k + 293. Let b be y(11). Let r(z) = 8*z + 5. Let w(v) = b*r(v) + 3*j(v). Give w(-3).
13
Suppose 0 = -o - 4*n + 9, -28*o + 26*o - 2*n = 0. Let u(p) = -7*p - 48. Calculate u(o).
-27
Let l be (-1 + 2)*1*(32 + 5). Let r(s) = -2 + s**2 - l*s + 16*s + 26*s. Suppose -z = 4*g + 23, -3*g - 3*z = -0*g + 24. Give r(g).
-2
Suppose 0 = -3*i + 10 + 5. Let u(c) = 17 - 3 + c - i - 10. Let x(b) = b**2 - 7*b + 4. Let d be x(5). What is u(d)?
-7
Let f(i) = -69752 - 2*i - 3*i - 2*i + 69780. Give f(6).
-14
Let l(q) = -2*q**2 + 3*q + 1. Let f(y) = -y**2 + 4*y + 1. Let w(h) = 3*f(h) - 4*l(h). Let g = 6155 + -6154. Give w(g).
4
Let k be 240/114 + 12/(-114). Let r be k/((-1)/(12/8)). Let i(c) = 5*c**2 + 3*c - 2. Let a(z) = -z**2 + 1. Let g(s) = -3*a(s) - i(s). What is g(r)?
-10
Let t(a) = 8*a - 871*a**2 - 876*a**2 + 30 + 1749*a**2. Determine t(-5).
40
Let z = -46